{"id":18,"date":"2024-11-03T18:05:55","date_gmt":"2024-11-03T17:05:55","guid":{"rendered":"https:\/\/kinesiologieimzentrum.at\/?page_id=18"},"modified":"2025-02-19T19:13:42","modified_gmt":"2025-02-19T18:13:42","slug":"ueber-mich","status":"publish","type":"page","link":"https:\/\/kinesiologieimzentrum.at\/?page_id=18","title":{"rendered":"\u00dcber mich"},"content":{"rendered":"\n<p>Seit \u00fcber 20 Jahren widme ich mich der Erforschung des Erlebens und Verhaltens von Menschen. Als Psychotherapeutin und Psychologin unterst\u00fctze ich meine Klientinnen und Klienten auf ihrem Weg zu mehr Wohlbefinden insbesondere in Zeiten von Krisen und psychischen Herausforderungen.<\/p>\n\n\n\n<p>Schon lange hatte ich den Wunsch, auch die k\u00f6rperliche Ebene in meine Arbeit einzubeziehen. Daher habe ich eine Ausbildung zur Kinesiologin in touch for health, beim International Kinesiology College absolviert und dabei den \u201afehlenden\u2018 Puzzlestein f\u00fcr meine Arbeit gefunden.<\/p>\n\n\n\n<p>Ich betrachte mich als Erfahrungssammlerin. Mit einem offenen Geist und Herzen habe ich im Laufe der Jahre ein vielf\u00e4ltiges Wissen aus verschiedenen Bereichen erworben. Dieses Wissen setze ich gezielt ein, um Menschen individuell und ganzheitlich zu unterst\u00fctzen.<\/p>\n\n\n\n<p>Es bereitet mir gro\u00dfe Freude, Menschen auf ihrem Abenteuer Leben zu begleiten. Das Leben kann so bunt und vielf\u00e4ltig sein, und f\u00fcr mich ist das \u201aZauberwort\u2018 dabei, in <em>Balance<\/em> zu sein.<\/p>\n\n\n\n<p><\/p>\n\n\n\n<p>Kraft sch\u00f6pfe ich aus den wertvollen Momenten mit meiner Familie, der Natur, dem Meer, beim Yoga, beim Mountainbiken und beim Spaziergang im Wald. Diese Erlebnisse schenken mir Ruhe und Energie, die ich mit Leidenschaft in meine Arbeit einflie\u00dfen lasse.<\/p>\n\n\n\n<p><\/p>\n\n\n\n<p><\/p>\n\n\n\n<p><\/p>\n\n\n\n<figure class=\"wp-block-image size-large is-resized\"><img loading=\"lazy\" decoding=\"async\" width=\"683\" height=\"1024\" src=\"https:\/\/kinesiologieimzentrum.at\/wp-content\/uploads\/2024\/11\/hand-683x1024.jpeg\" alt=\"\" class=\"wp-image-99\" style=\"width:235px;height:auto\" srcset=\"https:\/\/kinesiologieimzentrum.at\/wp-content\/uploads\/2024\/11\/hand-683x1024.jpeg 683w, https:\/\/kinesiologieimzentrum.at\/wp-content\/uploads\/2024\/11\/hand-200x300.jpeg 200w, https:\/\/kinesiologieimzentrum.at\/wp-content\/uploads\/2024\/11\/hand-768x1152.jpeg 768w, https:\/\/kinesiologieimzentrum.at\/wp-content\/uploads\/2024\/11\/hand-1024x1536.jpeg 1024w, https:\/\/kinesiologieimzentrum.at\/wp-content\/uploads\/2024\/11\/hand-1365x2048.jpeg 1365w, https:\/\/kinesiologieimzentrum.at\/wp-content\/uploads\/2024\/11\/hand-scaled.jpeg 1707w\" sizes=\"auto, (max-width: 683px) 100vw, 683px\" \/><\/figure>\n\n\n\n<p><\/p>\n","protected":false},"excerpt":{"rendered":"<p>Seit \u00fcber 20 Jahren widme ich mich der Erforschung des Erlebens und Verhaltens von Menschen. Als Psychotherapeutin und Psychologin unterst\u00fctze ich meine Klientinnen und Klienten auf ihrem Weg zu mehr Wohlbefinden insbesondere in Zeiten von Krisen und psychischen Herausforderungen. Schon lange hatte ich den Wunsch, auch die k\u00f6rperliche Ebene in meine Arbeit einzubeziehen. Daher habe <a class=\"read-more\" href=\"https:\/\/kinesiologieimzentrum.at\/?page_id=18\">READ MORE<\/a><\/p>\n","protected":false},"author":1,"featured_media":0,"parent":0,"menu_order":0,"comment_status":"closed","ping_status":"closed","template":"","meta":{"footnotes":""},"class_list":["post-18","page","type-page","status-publish","hentry"],"_links":{"self":[{"href":"https:\/\/kinesiologieimzentrum.at\/index.php?rest_route=\/wp\/v2\/pages\/18","targetHints":{"allow":["GET"]}}],"collection":[{"href":"https:\/\/kinesiologieimzentrum.at\/index.php?rest_route=\/wp\/v2\/pages"}],"about":[{"href":"https:\/\/kinesiologieimzentrum.at\/index.php?rest_route=\/wp\/v2\/types\/page"}],"author":[{"embeddable":true,"href":"https:\/\/kinesiologieimzentrum.at\/index.php?rest_route=\/wp\/v2\/users\/1"}],"replies":[{"embeddable":true,"href":"https:\/\/kinesiologieimzentrum.at\/index.php?rest_route=%2Fwp%2Fv2%2Fcomments&post=18"}],"version-history":[{"count":6,"href":"https:\/\/kinesiologieimzentrum.at\/index.php?rest_route=\/wp\/v2\/pages\/18\/revisions"}],"predecessor-version":[{"id":155,"href":"https:\/\/kinesiologieimzentrum.at\/index.php?rest_route=\/wp\/v2\/pages\/18\/revisions\/155"}],"wp:attachment":[{"href":"https:\/\/kinesiologieimzentrum.at\/index.php?rest_route=%2Fwp%2Fv2%2Fmedia&parent=18"}],"curies":[{"name":"wp","href":"https:\/\/api.w.org\/{rel}","templated":true}]}}

Über mich

<p>Seit über 20 Jahren widme ich mich der Erforschung des Erlebens und Verhaltens von Menschen. Als Psychotherapeutin und Psychologin unterstütze ich meine Klientinnen und Klienten auf ihrem Weg zu mehr Wohlbefinden insbesondere in Zeiten von Krisen und psychischen Herausforderungen.</p>



<p>Schon lange hatte ich den Wunsch, auch die körperliche Ebene in meine Arbeit einzubeziehen. Daher habe ich eine Ausbildung zur Kinesiologin in touch for health, beim International Kinesiology College absolviert und dabei den ‚fehlenden‘ Puzzlestein für meine Arbeit gefunden.</p>



<p>Ich betrachte mich als Erfahrungssammlerin. Mit einem offenen Geist und Herzen habe ich im Laufe der Jahre ein vielfältiges Wissen aus verschiedenen Bereichen erworben. Dieses Wissen setze ich gezielt ein, um Menschen individuell und ganzheitlich zu unterstützen.</p>



<p>Es bereitet mir große Freude, Menschen auf ihrem Abenteuer Leben zu begleiten. Das Leben kann so bunt und vielfältig sein, und für mich ist das ‚Zauberwort‘ dabei, in <em>Balance</em> zu sein.</p>



<p></p>



<p>Kraft schöpfe ich aus den wertvollen Momenten mit meiner Familie, der Natur, dem Meer, beim Yoga, beim Mountainbiken und beim Spaziergang im Wald. Diese Erlebnisse schenken mir Ruhe und Energie, die ich mit Leidenschaft in meine Arbeit einfließen lasse.</p>



<p></p>



<p></p>



<p></p>



<figure class="wp-block-image size-large is-resized"><img loading="lazy" decoding="async" width="683" height="1024" src="https://kinesiologieimzentrum.at/wp-content/uploads/2024/11/hand-683x1024.jpeg" alt="" class="wp-image-99" style="width:235px;height:auto" srcset="https://kinesiologieimzentrum.at/wp-content/uploads/2024/11/hand-683x1024.jpeg 683w, https://kinesiologieimzentrum.at/wp-content/uploads/2024/11/hand-200x300.jpeg 200w, https://kinesiologieimzentrum.at/wp-content/uploads/2024/11/hand-768x1152.jpeg 768w, https://kinesiologieimzentrum.at/wp-content/uploads/2024/11/hand-1024x1536.jpeg 1024w, https://kinesiologieimzentrum.at/wp-content/uploads/2024/11/hand-1365x2048.jpeg 1365w, https://kinesiologieimzentrum.at/wp-content/uploads/2024/11/hand-scaled.jpeg 1707w" sizes="auto, (max-width: 683px) 100vw, 683px" /></figure>



<p></p>

<p>Seit über 20 Jahren widme ich mich der Erforschung des Erlebens und Verhaltens von Menschen. Als Psychotherapeutin und Psychologin unterstütze ich meine Klientinnen und Klienten auf ihrem Weg zu mehr Wohlbefinden insbesondere in Zeiten von Krisen und psychischen Herausforderungen. Schon lange hatte ich den Wunsch, auch die körperliche Ebene in meine Arbeit einzubeziehen. Daher habe <a class="read-more" href="https://kinesiologieimzentrum.at/?page_id=18">READ MORE</a></p>
